{"id":973,"date":"2021-09-29T09:29:54","date_gmt":"2021-09-29T06:29:54","guid":{"rendered":"https:\/\/75.usm.md\/?page_id=973"},"modified":"2021-09-29T09:29:54","modified_gmt":"2021-09-29T06:29:54","slug":"studentii-si-absolventii-facultatii-de-litere-au-discutat-despre-tendintele-actuale-in-invatamantul-superior-din-republica-moldova","status":"publish","type":"page","link":"https:\/\/75.usm.md\/?page_id=973","title":{"rendered":"Studen\u021bii \u0219i absolven\u021bii Facult\u0103\u021bii de Litere au discutat despre tendin\u021bele actuale \u00een \u00eenv\u0103\u021b\u0103m\u00e2ntul superior din Republica Moldova"},"content":{"rendered":"\n\t\t<div id='gallery-1' class='gallery galleryid-973 gallery-columns-5 gallery-size-thumbnail gallery1'><script type=\"text\/javascript\">\r\n\/\/ <![CDATA[\r\n\tjQuery(document).ready(function () {\r\n\t\tjQuery(\".gallery1 a\").attr(\"rel\",\"gallery1\");\t\r\n\t\tjQuery('a[rel=\"gallery1\"]').colorbox({maxWidth:\"95%\", maxHeight:\"95%\",title: function(){ return jQuery(this).children().attr(\"alt\"); }, });\r\n\t});\r\n\/\/ ]]>\r\n<\/script>\n\r\n\t\t\t<style type=\"text\/css\">\r\n\t\t\t\t#cboxCurrent { display:none !important; }\r\n\t\t\t<\/style>\n<figure class=\"gallery-item\">\n<div class=\"gallery-icon\">\r\n<a href=\"https:\/\/75.usm.md\/wp-content\/uploads\/2021\/09\/24.09.2021-13-of-19-1024x683.jpg\" title=\"\" rel=\"gallery1\"><img loading=\"lazy\" decoding=\"async\" src=\"https:\/\/75.usm.md\/wp-content\/uploads\/2021\/09\/24.09.2021-13-of-19-150x150.jpg\" width=\"150\" height=\"150\" alt=\"\" \/><\/a>\r\n<\/div><\/figure><figure class=\"gallery-item\">\n<div class=\"gallery-icon\">\r\n<a href=\"https:\/\/75.usm.md\/wp-content\/uploads\/2021\/09\/24.09.2021-18-of-19-1-1024x683.jpg\" title=\"\" rel=\"gallery1\"><img loading=\"lazy\" decoding=\"async\" src=\"https:\/\/75.usm.md\/wp-content\/uploads\/2021\/09\/24.09.2021-18-of-19-1-150x150.jpg\" width=\"150\" height=\"150\" alt=\"\" \/><\/a>\r\n<\/div><\/figure><figure class=\"gallery-item\">\n<div class=\"gallery-icon\">\r\n<a href=\"https:\/\/75.usm.md\/wp-content\/uploads\/2021\/09\/24.09.2021-7-of-19-1024x683.jpg\" title=\"\" rel=\"gallery1\"><img loading=\"lazy\" decoding=\"async\" src=\"https:\/\/75.usm.md\/wp-content\/uploads\/2021\/09\/24.09.2021-7-of-19-150x150.jpg\" width=\"150\" height=\"150\" alt=\"\" \/><\/a>\r\n<\/div><\/figure><figure class=\"gallery-item\">\n<div class=\"gallery-icon\">\r\n<a href=\"https:\/\/75.usm.md\/wp-content\/uploads\/2021\/09\/24.09.2021-8-of-19-1024x683.jpg\" title=\"\" rel=\"gallery1\"><img loading=\"lazy\" decoding=\"async\" src=\"https:\/\/75.usm.md\/wp-content\/uploads\/2021\/09\/24.09.2021-8-of-19-150x150.jpg\" width=\"150\" height=\"150\" alt=\"\" \/><\/a>\r\n<\/div><\/figure><figure class=\"gallery-item\">\n<div class=\"gallery-icon\">\r\n<a href=\"https:\/\/75.usm.md\/wp-content\/uploads\/2021\/09\/24.09.2021-6-of-19-1-1024x683.jpg\" title=\"\" rel=\"gallery1\"><img loading=\"lazy\" decoding=\"async\" src=\"https:\/\/75.usm.md\/wp-content\/uploads\/2021\/09\/24.09.2021-6-of-19-1-150x150.jpg\" width=\"150\" height=\"150\" alt=\"\" \/><\/a>\r\n<\/div><\/figure><figure class=\"gallery-item\">\n<div class=\"gallery-icon\">\r\n<a href=\"https:\/\/75.usm.md\/wp-content\/uploads\/2021\/09\/24.09.2021-17-of-19-1024x683.jpg\" title=\"\" rel=\"gallery1\"><img loading=\"lazy\" decoding=\"async\" src=\"https:\/\/75.usm.md\/wp-content\/uploads\/2021\/09\/24.09.2021-17-of-19-150x150.jpg\" width=\"150\" height=\"150\" alt=\"\" \/><\/a>\r\n<\/div><\/figure><figure class=\"gallery-item\">\n<div class=\"gallery-icon\">\r\n<a href=\"https:\/\/75.usm.md\/wp-content\/uploads\/2021\/09\/IMG_9175-1024x576.jpg\" title=\"\" rel=\"gallery1\"><img loading=\"lazy\" decoding=\"async\" src=\"https:\/\/75.usm.md\/wp-content\/uploads\/2021\/09\/IMG_9175-150x150.jpg\" width=\"150\" height=\"150\" alt=\"\" \/><\/a>\r\n<\/div><\/figure><figure class=\"gallery-item\">\n<div class=\"gallery-icon\">\r\n<a href=\"https:\/\/75.usm.md\/wp-content\/uploads\/2021\/09\/24.09.2021-1-of-19-1-1024x683.jpg\" title=\"\" rel=\"gallery1\"><img loading=\"lazy\" decoding=\"async\" src=\"https:\/\/75.usm.md\/wp-content\/uploads\/2021\/09\/24.09.2021-1-of-19-1-150x150.jpg\" width=\"150\" height=\"150\" alt=\"\" \/><\/a>\r\n<\/div><\/figure><figure class=\"gallery-item\">\n<div class=\"gallery-icon\">\r\n<a href=\"https:\/\/75.usm.md\/wp-content\/uploads\/2021\/09\/24.09.2021-9-of-19-1024x683.jpg\" title=\"\" rel=\"gallery1\"><img loading=\"lazy\" decoding=\"async\" src=\"https:\/\/75.usm.md\/wp-content\/uploads\/2021\/09\/24.09.2021-9-of-19-150x150.jpg\" width=\"150\" height=\"150\" alt=\"\" \/><\/a>\r\n<\/div><\/figure><figure class=\"gallery-item\">\n<div class=\"gallery-icon\">\r\n<a href=\"https:\/\/75.usm.md\/wp-content\/uploads\/2021\/09\/24.09.2021-16-of-19-1024x683.jpg\" title=\"\" rel=\"gallery1\"><img loading=\"lazy\" decoding=\"async\" src=\"https:\/\/75.usm.md\/wp-content\/uploads\/2021\/09\/24.09.2021-16-of-19-150x150.jpg\" width=\"150\" height=\"150\" alt=\"\" \/><\/a>\r\n<\/div><\/figure><figure class=\"gallery-item\">\n<div class=\"gallery-icon\">\r\n<a href=\"https:\/\/75.usm.md\/wp-content\/uploads\/2021\/09\/24.09.2021-19-of-19-1-1024x683.jpg\" title=\"\" rel=\"gallery1\"><img loading=\"lazy\" decoding=\"async\" src=\"https:\/\/75.usm.md\/wp-content\/uploads\/2021\/09\/24.09.2021-19-of-19-1-150x150.jpg\" width=\"150\" height=\"150\" alt=\"\" \/><\/a>\r\n<\/div><\/figure><figure class=\"gallery-item\">\n<div class=\"gallery-icon\">\r\n<a href=\"https:\/\/75.usm.md\/wp-content\/uploads\/2021\/09\/24.09.2021-4-of-19-1024x683.jpg\" title=\"\" rel=\"gallery1\"><img loading=\"lazy\" decoding=\"async\" src=\"https:\/\/75.usm.md\/wp-content\/uploads\/2021\/09\/24.09.2021-4-of-19-150x150.jpg\" width=\"150\" height=\"150\" alt=\"\" \/><\/a>\r\n<\/div><\/figure><figure class=\"gallery-item\">\n<div class=\"gallery-icon\">\r\n<a href=\"https:\/\/75.usm.md\/wp-content\/uploads\/2021\/09\/24.09.2021-1-of-1-1024x683.jpg\" title=\"\" rel=\"gallery1\"><img loading=\"lazy\" decoding=\"async\" src=\"https:\/\/75.usm.md\/wp-content\/uploads\/2021\/09\/24.09.2021-1-of-1-150x150.jpg\" width=\"150\" height=\"150\" alt=\"\" \/><\/a>\r\n<\/div><\/figure><figure class=\"gallery-item\">\n<div class=\"gallery-icon\">\r\n<a href=\"https:\/\/75.usm.md\/wp-content\/uploads\/2021\/09\/24.09.2021-5-of-19-1024x683.jpg\" title=\"\" rel=\"gallery1\"><img loading=\"lazy\" decoding=\"async\" src=\"https:\/\/75.usm.md\/wp-content\/uploads\/2021\/09\/24.09.2021-5-of-19-150x150.jpg\" width=\"150\" height=\"150\" alt=\"\" \/><\/a>\r\n<\/div><\/figure><figure class=\"gallery-item\">\n<div class=\"gallery-icon\">\r\n<a href=\"https:\/\/75.usm.md\/wp-content\/uploads\/2021\/09\/24.09.2021-10-of-19-1024x683.jpg\" title=\"\" rel=\"gallery1\"><img loading=\"lazy\" decoding=\"async\" src=\"https:\/\/75.usm.md\/wp-content\/uploads\/2021\/09\/24.09.2021-10-of-19-150x150.jpg\" width=\"150\" height=\"150\" alt=\"\" \/><\/a>\r\n<\/div><\/figure><figure class=\"gallery-item\">\n<div class=\"gallery-icon\">\r\n<a href=\"https:\/\/75.usm.md\/wp-content\/uploads\/2021\/09\/24.09.2021-2-of-19-1024x683.jpg\" title=\"\" rel=\"gallery1\"><img loading=\"lazy\" decoding=\"async\" src=\"https:\/\/75.usm.md\/wp-content\/uploads\/2021\/09\/24.09.2021-2-of-19-150x150.jpg\" width=\"150\" height=\"150\" alt=\"\" \/><\/a>\r\n<\/div><\/figure><figure class=\"gallery-item\">\n<div class=\"gallery-icon\">\r\n<a href=\"https:\/\/75.usm.md\/wp-content\/uploads\/2021\/09\/24.09.2021-3-of-19-1024x683.jpg\" title=\"\" rel=\"gallery1\"><img loading=\"lazy\" decoding=\"async\" src=\"https:\/\/75.usm.md\/wp-content\/uploads\/2021\/09\/24.09.2021-3-of-19-150x150.jpg\" width=\"150\" height=\"150\" alt=\"\" \/><\/a>\r\n<\/div><\/figure><figure class=\"gallery-item\">\n<div class=\"gallery-icon\">\r\n<a href=\"https:\/\/75.usm.md\/wp-content\/uploads\/2021\/09\/24.09.2021-12-of-19-1024x683.jpg\" title=\"\" rel=\"gallery1\"><img loading=\"lazy\" decoding=\"async\" src=\"https:\/\/75.usm.md\/wp-content\/uploads\/2021\/09\/24.09.2021-12-of-19-150x150.jpg\" width=\"150\" height=\"150\" alt=\"\" \/><\/a>\r\n<\/div><\/figure><figure class=\"gallery-item\">\n<div class=\"gallery-icon\">\r\n<a href=\"https:\/\/75.usm.md\/wp-content\/uploads\/2021\/09\/24.09.2021-14-of-19-1024x683.jpg\" title=\"\" rel=\"gallery1\"><img loading=\"lazy\" decoding=\"async\" src=\"https:\/\/75.usm.md\/wp-content\/uploads\/2021\/09\/24.09.2021-14-of-19-150x150.jpg\" width=\"150\" height=\"150\" alt=\"\" \/><\/a>\r\n<\/div><\/figure><figure class=\"gallery-item\">\n<div class=\"gallery-icon\">\r\n<a href=\"https:\/\/75.usm.md\/wp-content\/uploads\/2021\/09\/24.09.2021-11-of-19-1024x683.jpg\" title=\"\" rel=\"gallery1\"><img loading=\"lazy\" decoding=\"async\" src=\"https:\/\/75.usm.md\/wp-content\/uploads\/2021\/09\/24.09.2021-11-of-19-150x150.jpg\" width=\"150\" height=\"150\" alt=\"\" \/><\/a>\r\n<\/div><\/figure><figure class=\"gallery-item\">\n<div class=\"gallery-icon\">\r\n<a href=\"https:\/\/75.usm.md\/wp-content\/uploads\/2021\/09\/24.09.2021-15-of-19-1024x683.jpg\" title=\"\" rel=\"gallery1\"><img loading=\"lazy\" decoding=\"async\" src=\"https:\/\/75.usm.md\/wp-content\/uploads\/2021\/09\/24.09.2021-15-of-19-150x150.jpg\" width=\"150\" height=\"150\" alt=\"\" \/><\/a>\r\n<\/div><\/figure>\r\n\t\t<\/div>\n\n","protected":false},"excerpt":{"rendered":"","protected":false},"author":1,"featured_media":0,"parent":0,"menu_order":0,"comment_status":"closed","ping_status":"closed","template":"","meta":{"footnotes":""},"_links":{"self":[{"href":"https:\/\/75.usm.md\/index.php?rest_route=\/wp\/v2\/pages\/973"}],"collection":[{"href":"https:\/\/75.usm.md\/index.php?rest_route=\/wp\/v2\/pages"}],"about":[{"href":"https:\/\/75.usm.md\/index.php?rest_route=\/wp\/v2\/types\/page"}],"author":[{"embeddable":true,"href":"https:\/\/75.usm.md\/index.php?rest_route=\/wp\/v2\/users\/1"}],"replies":[{"embeddable":true,"href":"https:\/\/75.usm.md\/index.php?rest_route=%2Fwp%2Fv2%2Fcomments&post=973"}],"version-history":[{"count":1,"href":"https:\/\/75.usm.md\/index.php?rest_route=\/wp\/v2\/pages\/973\/revisions"}],"predecessor-version":[{"id":995,"href":"https:\/\/75.usm.md\/index.php?rest_route=\/wp\/v2\/pages\/973\/revisions\/995"}],"wp:attachment":[{"href":"https:\/\/75.usm.md\/index.php?rest_route=%2Fwp%2Fv2%2Fmedia&parent=973"}],"curies":[{"name":"wp","href":"https:\/\/api.w.org\/{rel}","templated":true}]}}