{"id":127,"date":"2021-09-10T12:59:03","date_gmt":"2021-09-10T09:59:03","guid":{"rendered":"https:\/\/75.usm.md\/?page_id=127"},"modified":"2021-09-23T16:21:07","modified_gmt":"2021-09-23T13:21:07","slug":"structura-usm","status":"publish","type":"page","link":"https:\/\/75.usm.md\/?page_id=127","title":{"rendered":"Structura USM"},"content":{"rendered":"<p style=\"text-align: justify;\"><strong><em><img loading=\"lazy\" decoding=\"async\" class=\"size-medium wp-image-134 alignright\" src=\"https:\/\/75.usm.md\/wp-content\/uploads\/2021\/09\/3-229x300.jpg\" alt=\"\" width=\"229\" height=\"300\" srcset=\"https:\/\/75.usm.md\/wp-content\/uploads\/2021\/09\/3-229x300.jpg 229w, https:\/\/75.usm.md\/wp-content\/uploads\/2021\/09\/3-782x1024.jpg 782w, https:\/\/75.usm.md\/wp-content\/uploads\/2021\/09\/3-768x1005.jpg 768w, https:\/\/75.usm.md\/wp-content\/uploads\/2021\/09\/3-1174x1536.jpg 1174w, https:\/\/75.usm.md\/wp-content\/uploads\/2021\/09\/3-1565x2048.jpg 1565w, https:\/\/75.usm.md\/wp-content\/uploads\/2021\/09\/3-46x60.jpg 46w, https:\/\/75.usm.md\/wp-content\/uploads\/2021\/09\/3.jpg 1895w\" sizes=\"(max-width: 229px) 100vw, 229px\" \/>Facult\u0103\u021bi<\/em><\/strong>. Structura ini\u021bial\u0103 a Universit\u0103\u021bii de Stat din Moldova a fost determinat\u0103 prin Hot\u0103r\u00e2rea CC al PC(b) al Moldovei \u0219i a Sovietului Comisarilor Norodnici din 4 martie 1946 <em>Cu\u00a0 privire la fondarea Universit\u0103\u021bii de Stat din Moldova. <\/em>Conform acestui document, se prevedea organizarea a 5 facult\u0103\u021bi (Fizic\u0103 \u0219i Matematic\u0103; Geologie \u0219i Pedologie; Biologie; Chimie; Istorie \u0219i Filologie), 17 catedre (Marxism-Leninism; Catedra Militar\u0103; Limbi Str\u0103ine; Limba Rus\u0103; Limba Moldoveneasc\u0103; Istorie; Literatur\u0103; Analiz\u0103 Matematic\u0103; Geometrie; Fizic\u0103 General\u0103; Chimie Anorganic\u0103; Chimie General\u0103; Zoologie; Botanic\u0103; Geologie etc.), av\u00e2nd ca misiune preg\u0103tirea speciali\u0219tilor \u00een 13 domenii: fizic\u0103, matematic\u0103, botanic\u0103, zoologie, geologie, pedologie, chimie organic\u0103, chimie anorganic\u0103, chimie analitic\u0103, chimie fizic\u0103, istorie, limba \u0219i literatura moldoveneasc\u0103, limbi europene occidentale. \u00cen anul de studii 1948-1949 a fost introdus\u0103 \u0219i specialitatea \u201eLimba \u0219i literatura rus\u0103\u201d.<\/p>\n<p style=\"text-align: justify;\">\u00cen anul 1990 \u00een cadrul USM activau 12 facult\u0103\u021bi (Matematic\u0103 \u0219i Cibernetic\u0103; Fizic\u0103; Chimie; Biologie \u0219i Pedologie; Istorie; Drept; Filologie; Jurnalism; Biblioteconomie; Limbi Str\u0103ine; Economie; Economia Comer\u021bului), la care se ad\u0103ugau Facultatea de Profesii Sociale, Sec\u021bia de preg\u0103tire \u0219i Decanatul universitar al studen\u021bilor str\u0103ini. Apoi, dup\u0103 lichidarea catedrelor interuniversitare cu profil ideologie (Istoria PCUS; Comunismul \u0218tiin\u021bific; Ateismul \u0218tiin\u021bific; Etic\u0103 \u0219i Estetic\u0103 Marxist-Leninist\u0103 etc.), \u00een cadrul Universit\u0103\u021bii activau 7 catedre interuniversitare (Filosofie; Economie Politic\u0103; Istoria \u0219i Teoria Culturii Universale; Pedagogie \u0219i Psihologie; Cultur\u0103 Fizic\u0103; Ap\u0103rare Civil\u0103; Catedra Militar\u0103) \u0219i, \u00een calitate de structur\u0103 aparte, Muzeul Universit\u0103\u021bii.<\/p>\n<p style=\"text-align: justify;\">\u00cen anul 1960 Universitatea de Stat din Moldova a fuzionat cu Institutul Pedagogic de Stat \u201eIon Creang\u0103\u201d din Chi\u0219in\u0103u care a fost desfiin\u021bat. Iar \u00een 1967, \u00een leg\u0103tur\u0103 cu cre\u0219terea necesit\u0103\u021bii de cadre de pedagogi cu studii superioare, Sovietul Mini\u0219trilor al RSSM a adoptat Hot\u0103r\u00e2rea despre restabilirea Institutului Pedagogic.<\/p>\n<p style=\"text-align: justify;\">Universitatea de Stat din Moldova a fost \u0219i r\u0103m\u00e2ne nu doar un prestigios centru didactico-\u0219tiin\u021bific, dar \u0219i o surs\u0103 pentru \u00eentemeierea altor institu\u021bii de \u00eenv\u0103\u021b\u0103m\u00e2nt superior din \u021bar\u0103. Astfel:<\/p>\n<ul style=\"text-align: justify;\">\n<li>\u00een anul 1964 din cadrul Universit\u0103\u021bii de Stat din Moldova au fost separate specialit\u0103\u021bile economice \u0219i tehnice, \u00een baza c\u0103rora a fost format Institutul Politehnic din Chi\u0219in\u0103u, ulterior \u2013 Universitatea Tehnic\u0103 a Moldovei;<\/li>\n<li>\u00een cadrul USM au activat \u0219i facult\u0103\u021bile de Economie \u0219i de Economie a Comer\u021bului \u0219i Merceologie. \u00cen anul 1991 ele s-au desprins de USM \u0219i \u00een baza lor a fost format\u0103 o institu\u021bie aparte \u2013 Academia de Studii Economie din Moldova;<\/li>\n<li>\u00een 1991 \u00een organigrama USM a fost \u00eenscris\u0103 \u0219i Facultatea de Teologie, care apoi s-a desprins de Universitate, devenind Academia de Teologie Ortodox\u0103 din Moldova.<\/li>\n<\/ul>\n<p style=\"text-align: justify;\">Actualmente, \u00een cadrul Universit\u0103\u021bii de Stat din Moldova activeaz\u0103 11 facult\u0103\u021bi:<\/p>\n<p style=\"text-align: justify;\"><a href=\"https:\/\/biologie.usm.md\/\"><strong>Facultatea de Biologie \u0219i Pedologie <\/strong><\/a>cu dou\u0103 departamente \u2013 <strong><em>\u0218tiin\u021be ale Solului, Geografie, Geologie, Silvicultur\u0103 \u0219i Design <\/em><\/strong>\u0219i<strong><em> Biologie \u0219i Ecologie; <\/em><\/strong><\/p>\n<p style=\"text-align: justify;\"><a href=\"https:\/\/chimie.usm.md\/\"><strong>Facultatea de Chimie \u0219i Tehnologie Chimic\u0103 <\/strong><\/a>cu dou\u0103 departamente \u2013 <strong><em>Chimie <\/em><\/strong>\u0219i<strong><em> Chimie Industrial\u0103 \u0219i Ecologic\u0103; <\/em><\/strong><\/p>\n<p style=\"text-align: justify;\"><a href=\"http:\/\/drept.usm.md\/\"><strong>Facultatea de Drept<\/strong><\/a> cu cinci departamente \u2013 <strong><em>Drept Privat; Drept Public; Drept Penal; Drept Procedural; Drept Interna\u021bional \u0219i European;<\/em><\/strong><\/p>\n<p style=\"text-align: justify;\"><a href=\"http:\/\/phys.usm.md\/\"><strong>Facultatea de Fizic\u0103 \u0219i Inginerie<\/strong><\/a> cu dou\u0103 departamente: <strong><em>Fizic\u0103 Aplicat\u0103 \u0219i Informatic\u0103 <\/em><\/strong>\u0219i<strong><em> Fizic\u0103 Teoretic\u0103 \u201eProf. Iu. Perlin\u201d. <\/em><\/strong><\/p>\n<p style=\"text-align: justify;\"><a href=\"https:\/\/istorie.usm.md\/\"><strong>Facultatea de Istorie \u0219i Filosofie<\/strong><\/a> cu dou\u0103 departamente<strong> \u2013<\/strong> <strong><em>Istoria Rom\u00e2nilor, Universal\u0103 \u0219i Arheologie <\/em><\/strong>\u0219i <strong><em>Filosofie \u0219i Antrolopogie;<\/em><\/strong><\/p>\n<p style=\"text-align: justify;\"><a href=\"https:\/\/jurnalism.usm.md\/\"><strong>Facultatea de Jurnalism \u0219i \u0218tiin\u021be ale Comunic\u0103rii <\/strong><\/a>cu trei departamente \u2013 <strong><em>Radio \u0219i Televiziune; Comunicare \u0219i Teoria Inform\u0103rii <\/em><\/strong>\u0219i<strong><em> Teoria \u0219i Practica Jurnalismului;<\/em><\/strong><\/p>\n<p style=\"text-align: justify;\"><a href=\"https:\/\/litere.usm.md\/\"><strong>Facultatea de Litere<\/strong><\/a> cu 5 departamente \u2013 <strong><em>Lingvistic\u0103 Rom\u00e2n\u0103 \u0219i \u0218tiin\u021b\u0103 Literar\u0103, Lingvistic\u0103 Germanic\u0103 \u0219i Comunicare Intercultural\u0103; Lingvistic\u0103 Romanic\u0103 \u0219i Comunicare Intercultural\u0103; Traducere, Interpretare \u0219i Lingvistic\u0103 Aplicat\u0103; Limba Englez\u0103 \u0219i Limba Frances\u0103 Specializate <\/em><\/strong>\u0219i 2 centre \u0219tiin\u021bifice didactice <strong><em>Literatura universal\u0103 \u0219i comparat\u0103 <\/em><\/strong>\u0219i <strong><em>\u201eRusskii Mir\u201d;<\/em><\/strong><\/p>\n<p style=\"text-align: justify;\"><a href=\"http:\/\/fmi.usm.md\/\"><strong>Facultatea de Matematic\u0103 \u0219i Informatic\u0103 <\/strong><\/a>cu dou\u0103 departamente \u2013 <strong><em>Matematic\u0103<\/em><\/strong> \u0219i <strong><em>Informatic\u0103;<\/em><\/strong><\/p>\n<p style=\"text-align: justify;\"><a href=\"https:\/\/usm.md\/?page_id=518\"><strong>Facultatea de Psihologie \u0219i \u0218tiin\u021be ale Educa\u021biei, Sociologie \u0219i Asisten\u021b\u0103 Social\u0103 <\/strong><\/a>cu 3 departamente<strong> \u2013<\/strong> <strong><em>\u0218tiin\u021be ale Educa\u021biei; Psihologie <\/em><\/strong>\u0219i<strong><em> Sociologie \u0219i Asisten\u021b\u0103 Social\u0103;<\/em><\/strong><\/p>\n<p style=\"text-align: justify;\"><a href=\"https:\/\/fse.usm.md\/\"><strong>Facultatea de \u0218tiin\u021be Economice<\/strong><\/a> cu patru departamente \u2013 <strong><em>Contabilitate \u0219i Informatic\u0103 Economic\u0103; Economie, Marketing \u0219i Turism; Administrarea Afacerilor; Finan\u021be \u0219i B\u0103nci<\/em><\/strong>;<\/p>\n<p style=\"text-align: justify;\"><a href=\"https:\/\/frispa.usm.md\/\"><strong>Facultatea de Rela\u021bii Interna\u021bionale, \u0218tiin\u021be Politice \u0219i Administrative<\/strong><\/a> cu dou\u0103 departamente \u2013 <strong><em>\u0218tiin\u021be Politice \u0219i Administrative <\/em><\/strong>\u0219i <strong><em>Rela\u021bii Interna\u021bionale;<\/em><\/strong><\/p>\n<p style=\"text-align: justify;\">De asemenea, la USM activeaz\u0103 <strong><a href=\"https:\/\/usm.md\/?page_id=668\">Facultatea de Arte Frumoase<\/a>; <a href=\"https:\/\/usm.md\/?page_id=667\">Catedra Cultur\u0103 Fizic\u0103 \u0219i Sport<\/a>; <a href=\"https:\/\/usm.md\/?page_id=680\">Catedra Militar\u0103<\/a>; <a href=\"https:\/\/cercetare.usm.md\/\">Institutul de Cercetare \u0219i Inovare<\/a>.<\/strong><\/p>\n","protected":false},"excerpt":{"rendered":"<p>Facult\u0103\u021bi. Structura ini\u021bial\u0103 a Universit\u0103\u021bii de Stat din Moldova a fost determinat\u0103 prin Hot\u0103r\u00e2rea CC al PC(b) al Moldovei \u0219i a Sovietului Comisarilor Norodnici din 4 martie 1946 Cu\u00a0 privire la fondarea Universit\u0103\u021bii de Stat din Moldova. Conform acestui document, se prevedea organizarea a 5 &hellip; <\/p>\n","protected":false},"author":1,"featured_media":0,"parent":0,"menu_order":0,"comment_status":"closed","ping_status":"closed","template":"","meta":{"footnotes":""},"_links":{"self":[{"href":"https:\/\/75.usm.md\/index.php?rest_route=\/wp\/v2\/pages\/127"}],"collection":[{"href":"https:\/\/75.usm.md\/index.php?rest_route=\/wp\/v2\/pages"}],"about":[{"href":"https:\/\/75.usm.md\/index.php?rest_route=\/wp\/v2\/types\/page"}],"author":[{"embeddable":true,"href":"https:\/\/75.usm.md\/index.php?rest_route=\/wp\/v2\/users\/1"}],"replies":[{"embeddable":true,"href":"https:\/\/75.usm.md\/index.php?rest_route=%2Fwp%2Fv2%2Fcomments&post=127"}],"version-history":[{"count":11,"href":"https:\/\/75.usm.md\/index.php?rest_route=\/wp\/v2\/pages\/127\/revisions"}],"predecessor-version":[{"id":432,"href":"https:\/\/75.usm.md\/index.php?rest_route=\/wp\/v2\/pages\/127\/revisions\/432"}],"wp:attachment":[{"href":"https:\/\/75.usm.md\/index.php?rest_route=%2Fwp%2Fv2%2Fmedia&parent=127"}],"curies":[{"name":"wp","href":"https:\/\/api.w.org\/{rel}","templated":true}]}}